{"id":26091,"date":"2025-10-26T16:22:19","date_gmt":"2025-10-26T16:22:19","guid":{"rendered":"https:\/\/fennecmotors.com\/listing\/mg5-edition-phare-mondiale-2025\/"},"modified":"2025-12-22T11:46:42","modified_gmt":"2025-12-22T11:46:42","slug":"mg5-edition-phare-mondiale-2025","status":"publish","type":"vehica_car","link":"https:\/\/fennecmotors.com\/fr\/listing\/mg5-edition-phare-mondiale-2025\/","title":{"rendered":"MG5 &#8211; \u00c9dition phare mondiale 2025"},"content":{"rendered":"<p>La MG5 2025 \u00c9dition phare mondiale est le choix id\u00e9al pour les amateurs de luxe et d&rsquo;innovation dans la cat\u00e9gorie des berlines compactes.<\/p>\n<p>Cette version haut de gamme de la MG5 incarne l&rsquo;\u00e9quilibre parfait entre puissance, \u00e9l\u00e9gance et technologie moderne, ce qui en fait l&rsquo;un des principaux concurrents sur le march\u00e9 <a href=\"https:\/\/ar.wikipedia.org\/wiki\/%D8%A7%D9%84%D8%A5%D9%85%D8%A7%D8%B1%D8%A7%D8%AA_%D8%A7%D9%84%D8%B9%D8%B1%D8%A8%D9%8A%D8%A9_%D8%A7%D9%84%D9%85%D8%AA%D8%AD%D8%AF%D8%A9\" target=\"_blank\" rel=\"noopener\">\u00e9mirien<\/a> et mondial.<\/p>\n<h3><span style=\"font-size: 14pt;\">Design ext\u00e9rieur<\/span><\/h3>\n<p>La MG5 300TGI \u00c9dition phare mondiale 2025 est disponible en noir avec un design a\u00e9rodynamique qui refl\u00e8te un m\u00e9lange de puissance et de prestige, avec une calandre pro\u00e9minente chrom\u00e9e et des phares \u00e0 LED dot\u00e9s d&rsquo;une technologie d&rsquo;\u00e9clairage intelligente.<\/p>\n<p>De plus, les jantes sportives de 17 pouces et les touches m\u00e9talliques sur les portes ajoutent une touche raffin\u00e9e qui rehausse la pr\u00e9sence de la voiture sur la route.<\/p>\n<h3><span style=\"font-size: 14pt;\">Design int\u00e9rieur<\/span><\/h3>\n<p>\u00c0 l&rsquo;int\u00e9rieur, la MG5 300TGI \u00c9dition phare mondiale 2025 offre une exp\u00e9rience de conduite luxueuse gr\u00e2ce \u00e0 ses si\u00e8ges en cuir confortables, son \u00e9clairage int\u00e9rieur intelligent et son syst\u00e8me d&rsquo;infodivertissement dot\u00e9 d&rsquo;un grand \u00e9cran tactile prenant en charge la connexion via Apple CarPlay et Android Auto.<\/p>\n<p>La voiture offre \u00e9galement un syst\u00e8me de climatisation automatique bizone, avec des mat\u00e9riaux de haute qualit\u00e9 et un design \u00e9l\u00e9gant qui refl\u00e8te l&rsquo;esprit distinctif de MG.<\/p>\n<h3><span style=\"font-size: 14pt;\">Performance et moteur<\/span><\/h3>\n<p>La MG5 300TGI \u00c9dition phare mondiale 2025 est \u00e9quip\u00e9e d&rsquo;un moteur turbo de 1,5 litre d\u00e9veloppant environ 173 chevaux, avec une transmission automatique DCT \u00e0 sept rapports qui assure des changements de vitesse fluides et une consommation de carburant \u00e9conomique.<\/p>\n<p>Cette version offre une exp\u00e9rience de conduite dynamique et stable, que ce soit dans les rues de la ville ou sur les autoroutes.<\/p>\n<h3><span style=\"font-size: 14pt;\">S\u00e9curit\u00e9 et technologie<\/span><\/h3>\n<p>La voiture est \u00e9quip\u00e9e des syst\u00e8mes de s\u00e9curit\u00e9 active les plus r\u00e9cents, notamment :<\/p>\n<ul>\n<li>Syst\u00e8me de stabilit\u00e9 \u00e9lectronique (ESP)<\/li>\n<li>Syst\u00e8me de surveillance de la pression des pneus (TPMS)<\/li>\n<li>Cam\u00e9ra de vision \u00e0 360 degr\u00e9s<\/li>\n<li>Capteurs avant et arri\u00e8re pour l&rsquo;aide au stationnement<\/li>\n<li>6 airbags pour une protection compl\u00e8te<\/li>\n<\/ul>\n<h3><span style=\"font-size: 14pt;\">Fonctionnalit\u00e9s intelligentes et ajouts modernes<\/span><\/h3>\n<ul>\n<li>Syst\u00e8me d&rsquo;entr\u00e9e et de d\u00e9marrage sans cl\u00e9 (Keyless Entry &amp; Start)<\/li>\n<li>\u00c9cran de compteur num\u00e9rique multi-informations<\/li>\n<li>Syst\u00e8me audio de luxe<\/li>\n<li>Toit ouvrant panoramique<\/li>\n<li>Si\u00e8ge conducteur r\u00e9glable \u00e9lectriquement<\/li>\n<\/ul>\n<p>La MG5 300TGI \u00c9dition phare mondiale 2025 red\u00e9finit le concept de <a href=\"https:\/\/fennecmotors.com\/listing\/mg5-2023-global-luxury-edition\/\">berline compacte de luxe<\/a>, gr\u00e2ce \u00e0 ses performances puissantes, son design moderne et ses technologies avanc\u00e9es qui la placent au rang des voitures europ\u00e9ennes et japonaises concurrentes.<\/p>\n<p>C&rsquo;est un choix id\u00e9al pour les conducteurs \u00e0 la recherche d&rsquo;une voiture \u00e9l\u00e9gante, puissante et \u00e9quip\u00e9e de tous les \u00e9quipements de confort et de la technologie moderne.<\/p>\n","protected":false},"author":2,"featured_media":26092,"template":"","vehica_6654":[2596],"vehica_6655":[2602],"vehica_6659":[2696],"vehica_6660":[2758],"vehica_6657":[2770],"vehica_6661":[2786],"vehica_6662":[2796],"vehica_6663":[2815],"vehica_12974":[2826],"vehica_6666":[2843],"vehica_12770":[2867],"vehica_6670":[2880,2881,2879,2889,2892,2885,2893,2887,2883,2886,2882,2891],"vehica_12723":[2917,2926,2909,2967,2915,2968,2928,2925,2922,2965],"class_list":["post-26091","vehica_car","type-vehica_car","status-publish","has-post-thumbnail","hentry","vehica_6654-nouveau","vehica_6655-sedan","vehica_6659-mg","vehica_6660-modele-2025","vehica_6657-a-vendre","vehica_6661-fwd","vehica_6662-automatique","vehica_6663-essence","vehica_12974-4-cylinder","vehica_6666-noir","vehica_12770-4-portes","vehica_6670-alerte-dangle-mort","vehica_6670-bluetooth","vehica_6670-camera-a-360-degres","vehica_6670-camera-de-recul","vehica_6670-controle-de-traction","vehica_6670-phares-a-del","vehica_6670-port-usb","vehica_6670-siege-a-memoire","vehica_6670-sieges-chauffants","vehica_6670-sieges-en-cuir","vehica_6670-sieges-refroidis","vehica_6670-systeme-audio","vehica_12723-avertisseur-dangle-mort","vehica_12723-avertisseur-de-collision-avant","vehica_12723-camera-a-360-degres","vehica_12723-camera-arriere","vehica_12723-camera-de-recul","vehica_12723-capteurs-de-stationnement-arriere","vehica_12723-capteurs-de-stationnement-avant","vehica_12723-feux-de-freinage-durgence","vehica_12723-repartition-electronique-de-la-force-de-freinage","vehica_12723-systemes-daide-au-stationnement"],"vehica_6656":{"vehica_currency_6656_2316":""},"vehica_14696":"","vehica_6664":"","vehica_6665":"","vehica_6671":"","vehica_6673":["https:\/\/fennecmotors.com\/wp-content\/uploads\/2025\/10\/MG5-300TGI-e1761495690301.webp","https:\/\/fennecmotors.com\/wp-content\/uploads\/2025\/10\/MG5-300TGI-1-e1761495650685.webp","https:\/\/fennecmotors.com\/wp-content\/uploads\/2025\/10\/MG5-300TGI-4-e1761495587805.webp","https:\/\/fennecmotors.com\/wp-content\/uploads\/2025\/10\/MG5-300TGI-3-e1761495603317.webp","https:\/\/fennecmotors.com\/wp-content\/uploads\/2025\/10\/MG5-300TGI-2-e1761495624872.webp"],"vehica_6674":{"url":"","embed":""},"vehica_16721":"","vehica_18820":[],"_links":{"self":[{"href":"https:\/\/fennecmotors.com\/fr\/wp-json\/wp\/v2\/cars\/26091","targetHints":{"allow":["GET"]}}],"collection":[{"href":"https:\/\/fennecmotors.com\/fr\/wp-json\/wp\/v2\/cars"}],"about":[{"href":"https:\/\/fennecmotors.com\/fr\/wp-json\/wp\/v2\/types\/vehica_car"}],"author":[{"embeddable":true,"href":"https:\/\/fennecmotors.com\/fr\/wp-json\/wp\/v2\/users\/2"}],"wp:featuredmedia":[{"embeddable":true,"href":"https:\/\/fennecmotors.com\/fr\/wp-json\/wp\/v2\/media\/26092"}],"wp:attachment":[{"href":"https:\/\/fennecmotors.com\/fr\/wp-json\/wp\/v2\/media?parent=26091"}],"wp:term":[{"taxonomy":"vehica_6654","embeddable":true,"href":"https:\/\/fennecmotors.com\/fr\/wp-json\/wp\/v2\/vehica_6654?post=26091"},{"taxonomy":"vehica_6655","embeddable":true,"href":"https:\/\/fennecmotors.com\/fr\/wp-json\/wp\/v2\/vehica_6655?post=26091"},{"taxonomy":"vehica_6659","embeddable":true,"href":"https:\/\/fennecmotors.com\/fr\/wp-json\/wp\/v2\/vehica_6659?post=26091"},{"taxonomy":"vehica_6660","embeddable":true,"href":"https:\/\/fennecmotors.com\/fr\/wp-json\/wp\/v2\/vehica_6660?post=26091"},{"taxonomy":"vehica_6657","embeddable":true,"href":"https:\/\/fennecmotors.com\/fr\/wp-json\/wp\/v2\/vehica_6657?post=26091"},{"taxonomy":"vehica_6661","embeddable":true,"href":"https:\/\/fennecmotors.com\/fr\/wp-json\/wp\/v2\/vehica_6661?post=26091"},{"taxonomy":"vehica_6662","embeddable":true,"href":"https:\/\/fennecmotors.com\/fr\/wp-json\/wp\/v2\/vehica_6662?post=26091"},{"taxonomy":"vehica_6663","embeddable":true,"href":"https:\/\/fennecmotors.com\/fr\/wp-json\/wp\/v2\/vehica_6663?post=26091"},{"taxonomy":"vehica_12974","embeddable":true,"href":"https:\/\/fennecmotors.com\/fr\/wp-json\/wp\/v2\/vehica_12974?post=26091"},{"taxonomy":"vehica_6666","embeddable":true,"href":"https:\/\/fennecmotors.com\/fr\/wp-json\/wp\/v2\/vehica_6666?post=26091"},{"taxonomy":"vehica_12770","embeddable":true,"href":"https:\/\/fennecmotors.com\/fr\/wp-json\/wp\/v2\/vehica_12770?post=26091"},{"taxonomy":"vehica_6670","embeddable":true,"href":"https:\/\/fennecmotors.com\/fr\/wp-json\/wp\/v2\/vehica_6670?post=26091"},{"taxonomy":"vehica_12723","embeddable":true,"href":"https:\/\/fennecmotors.com\/fr\/wp-json\/wp\/v2\/vehica_12723?post=26091"}],"curies":[{"name":"wp","href":"https:\/\/api.w.org\/{rel}","templated":true}]}}

MG5 &#8211; Édition phare mondiale 2025

<p>La MG5 2025 Édition phare mondiale est le choix idéal pour les amateurs de luxe et d&rsquo;innovation dans la catégorie des berlines compactes.</p>
<p>Cette version haut de gamme de la MG5 incarne l&rsquo;équilibre parfait entre puissance, élégance et technologie moderne, ce qui en fait l&rsquo;un des principaux concurrents sur le marché <a href="https://ar.wikipedia.org/wiki/%D8%A7%D9%84%D8%A5%D9%85%D8%A7%D8%B1%D8%A7%D8%AA_%D8%A7%D9%84%D8%B9%D8%B1%D8%A8%D9%8A%D8%A9_%D8%A7%D9%84%D9%85%D8%AA%D8%AD%D8%AF%D8%A9" target="_blank" rel="noopener">émirien</a> et mondial.</p>
<h3><span style="font-size: 14pt;">Design extérieur</span></h3>
<p>La MG5 300TGI Édition phare mondiale 2025 est disponible en noir avec un design aérodynamique qui reflète un mélange de puissance et de prestige, avec une calandre proéminente chromée et des phares à LED dotés d&rsquo;une technologie d&rsquo;éclairage intelligente.</p>
<p>De plus, les jantes sportives de 17 pouces et les touches métalliques sur les portes ajoutent une touche raffinée qui rehausse la présence de la voiture sur la route.</p>
<h3><span style="font-size: 14pt;">Design intérieur</span></h3>
<p>À l&rsquo;intérieur, la MG5 300TGI Édition phare mondiale 2025 offre une expérience de conduite luxueuse grâce à ses sièges en cuir confortables, son éclairage intérieur intelligent et son système d&rsquo;infodivertissement doté d&rsquo;un grand écran tactile prenant en charge la connexion via Apple CarPlay et Android Auto.</p>
<p>La voiture offre également un système de climatisation automatique bizone, avec des matériaux de haute qualité et un design élégant qui reflète l&rsquo;esprit distinctif de MG.</p>
<h3><span style="font-size: 14pt;">Performance et moteur</span></h3>
<p>La MG5 300TGI Édition phare mondiale 2025 est équipée d&rsquo;un moteur turbo de 1,5 litre développant environ 173 chevaux, avec une transmission automatique DCT à sept rapports qui assure des changements de vitesse fluides et une consommation de carburant économique.</p>
<p>Cette version offre une expérience de conduite dynamique et stable, que ce soit dans les rues de la ville ou sur les autoroutes.</p>
<h3><span style="font-size: 14pt;">Sécurité et technologie</span></h3>
<p>La voiture est équipée des systèmes de sécurité active les plus récents, notamment :</p>
<ul>
<li>Système de stabilité électronique (ESP)</li>
<li>Système de surveillance de la pression des pneus (TPMS)</li>
<li>Caméra de vision à 360 degrés</li>
<li>Capteurs avant et arrière pour l&rsquo;aide au stationnement</li>
<li>6 airbags pour une protection complète</li>
</ul>
<h3><span style="font-size: 14pt;">Fonctionnalités intelligentes et ajouts modernes</span></h3>
<ul>
<li>Système d&rsquo;entrée et de démarrage sans clé (Keyless Entry &amp; Start)</li>
<li>Écran de compteur numérique multi-informations</li>
<li>Système audio de luxe</li>
<li>Toit ouvrant panoramique</li>
<li>Siège conducteur réglable électriquement</li>
</ul>
<p>La MG5 300TGI Édition phare mondiale 2025 redéfinit le concept de <a href="https://fennecmotors.com/listing/mg5-2023-global-luxury-edition/">berline compacte de luxe</a>, grâce à ses performances puissantes, son design moderne et ses technologies avancées qui la placent au rang des voitures européennes et japonaises concurrentes.</p>
<p>C&rsquo;est un choix idéal pour les conducteurs à la recherche d&rsquo;une voiture élégante, puissante et équipée de tous les équipements de confort et de la technologie moderne.</p>
